-12
In base 2, what is 1011 - -110110?
1000001
In base 8, what is -4 - 604?
-610
In base 11, what is -544 + -2?
-546
In base 5, what is -11402 - -2?
-11400
In base 12, what is -4 - -86a?
866
In base 7, what is 13324 + 2?
13326
In base 10, what is 26 + 11?
37
In base 4, what is -21221 - 2?
-21223
In base 6, what is 2 - 2455?
-2453
In base 12, what is -1 + 2072?
2071
In base 11, what is -236 - 63?
-299
In base 16, what is 118 + 6?
11e
In base 2, what is 1010001011110 - -100?
1010001100010
In base 5, what is 31 + 31?
112
In base 15, what is -5437 + 2?
-5435
In base 2, what is 11000 - 10000000?
-1101000
In base 14, what is 5 + -105?
-100
In base 2, what is 10001111001 + 1?
10001111010
In base 2, what is -100 - 10110?
-11010
In base 6, what is 0 + 534?
534
In base 8, what is 3 - -361?
364
In base 11, what is -5 + -88?
-92
In base 10, what is 28 - -24?
52
In base 9, what is -4 + -10122?
-10126
In base 16, what is c + -26?
-1a
In base 7, what is 1 - -6?
10
In base 7, what is 10165 - 4?
10161
In base 7, what is -44 - -330?
253
In base 13, what is -35c + 3?
-359
In base 8, what is -110 - 27?
-137
In base 10, what is 253 - -4?
257
In base 4, what is -113211 + -11?
-113222
In base 15, what is 7 - 77d?
-776
In base 2, what is -100000101101 - -1010?
-100000100011
In base 3, what is 22 - -1201101?
1201200
In base 11, what is 32 + 19?
50
In base 5, what is -2 + -1222?
-1224
In base 12, what is 6 - -11?
17
In base 3, what is 11 - -101120?
101201
In base 10, what is 5 - 21?
-16
In base 7, what is 441 + -6?
432
In base 4, what is -11 - -123?
112
In base 12, what is -4 + 33?
2b
In base 11, what is 5 - -370?
375
In base 2, what is 10001010001 + 11?
10001010100
In base 3, what is 21 + -10200020?
-10122222
In base 10, what is -16 + -376?
-392
In base 12, what is -132 + 7?
-127
In base 13, what is -b - 1a?
-28
In base 6, what is -11 + 120?
105
In base 5, what is -2340 + 3?
-2332
In base 15, what is 4 - 7a?
-76
In base 2, what is -100 - -10100?
10000
In base 4, what is -1110020 - -11?
-1110003
In base 15, what is -b - d1?
-dc
In base 3, what is -10101011 - 10?
-10101021
In base 6, what is 32 - 223?
-151
In base 4, what is -11 - 12112?
-12123
In base 16, what is -1e - 9f?
-bd
In base 8, what is 0 - 352?
-352
In base 5, what is 0 + -23212?
-23212
In base 12, what is -19 + 17b?
162
In base 6, what is -3152 - -23?
-3125
In base 8, what is -242 + 23?
-217
In base 3, what is -1 - -1120?
1112
In base 15, what is 5 - -d8?
dd
In base 6, what is 2 - 40?
-34
In base 16, what is -1d - 6?
-23
In base 9, what is -2 + -673?
-675
In base 2, what is 1011010 + 101100?
10000110
In base 2, what is 1110101 + -10?
1110011
In base 12, what is 3 + b?
12
In base 13, what is 1b - 7?
14
In base 7, what is -4 - -11363?
11356
In base 10, what is 836 + 3?
839
In base 11, what is -9 + 3?
-6
In base 2, what is 10 + 11110100?
11110110
In base 13, what is 3 - 7b4?
-7b1
In base 12, what is 171 - 5?
168
In base 11, what is 5 - -71?
76
In base 13, what is 0 + -10?
-10
In base 11, what is -13 + 1a?
7
In base 12, what is 67 - 39?
2a
In base 9, what is -630 - 7?
-637
In base 9, what is -4 + 1744?
1740
In base 9, what is -83 - -7?
-75
In base 3, what is -12 + 2200?
2111
In base 11, what is 327 - 3?
324
In base 9, what is -3 - 821?
-824
In base 5, what is -14212 + -3?
-14220
In base 5, what is 10 + 14?
24
In base 2, what is -1001 - 1010?
-10011
In base 12, what is -22 - 1?
-23
In base 15, what is -3 - 9?
-c
In base 4, what is -1 - -23300?
23233
In base 15, what is -47 - a8?
-100
In base 3, what is 110 + 210110?
210220
In base 5, what is 20 - 1?
14
In base 6, what is 3 - 1510?
-1503
In base 7, what is 1354 + 2?
1356
In base 4, what is 1 - -2303?
2310
In base 14, what is 9 + 27?
32
In base 13, what is -29 - 11?
-3a
In base 5, what is -1 + -244?
-300
In base 14, what is 0 - 75?
-75
In base 13, what is -1 + -22?
-23
In base 15, what is 4 + -37?
-33
In base 8, what is -1511 + 5?
-1504
In base 12, what is 2 - -149?
14b
In base 7, what is 10063 - 0?
10063
In base 5, what is 3213 + -3?
3210
In base 4, what is 112 - 20?
32
In base 4, what is -10130 + -211?
-11001
In base 9, what is 57 + -3?
54
In base 15, what is 9 + -2b3?
-2a9
In base 14, what is -4 + 1a7?
1a3
In base 10, what is -1 + -5?
-6
In base 2, what is 111011001 + 0?
111011001
In base 3, what is -220 + 110?
-110
In base 13, what is 97 + -56?
41
In base 2, what is 1 - 1000111111?
-1000111110
In base 15, what is 30 + 27?
57
In base 10, what is -61 + -11?
-72
In base 7, what is 2460 - -11?
2501
In base 9, what is -1 - -1467?
1466
In base 15, what is 4b + -6?
45
In base 11, what is -368 - -6?
-362
In base 12, what is -87a - 5?
-883
In base 16, what is 96 + -7?
8f
In base 16, what is 1d + 7?
24
In base 6, what is -4 - 3000?
-3004
In base 7, what is 10 - -102?
112
In base 14, what is 204 - 5?
1dd
In base 4, what is 2030 + -1032?
332
In base 3, what is 1111 + -1?
1110
In base 10, what is -27216 - -4?
-27212
In base 8, what is 1125 + 5?
1132
In base 4, what is -10012 + -10?
-10022
In base 11, what is 4 + -53?
-4a
In base 3, what is -1200 + -10222?
-12122
In base 13, what is -7389 - 2?
-738b
In base 3, what is 22 + -10000?
-2201
In base 2, what is 11 - 10010010?
-10001111
In base 9, what is 5 - -1410?
1415
In base 7, what is 44160 + 3?
44163
In base 12, what is 1 + -2853?
-2852
In base 2, what is 0 + 1000111010010?
1000111010010
In base 9, what is -60 - 14?
-74
In base 6, what is -4 + 324?
320
In base 6, what is 1430 + -3?
1423
In base 2, what is 0 - 100000110?
-100000110
In base 2, what is 11101010 - 1100?
11011110
In base 11, what is -8 + -329?
-336
In base 4, what is 3 - -211?
220
In base 4, what is -2 - -111030?
111022
In base 16, what is d9 + -1?
d8
In base 15, what is 4 + 3a5?
3a9
In base 15, what is -19 + -14?
-2d
In base 4, what is 2211 + 12?
2223
In base 2, what is -100100 + -1101?
-110001
In base 9, what is 21 + -148?
-127
In base 12, what is 1421 - 3?
141a
In base 6, what is -3 + -5201?
-5204
In base 4, what is 3 + -211?
-202
In base 2, what is 1001110 - 1011?
1000011
In base 6, what is 1 - 32255?
-32254
In base 11, what is -1 + 2881?
2880
In base 11, what is -9 + 270?
262
In base 15, what is -4 + 9?
5
In base 3, what is 12111 - -12?
12200
In base 7, what is 11 - -531?
542
In base 11, what is -5 + 107?
102
In base 15, what is 0 + 19e?
19e
In base 4, what is 1103210 + -10?
1103200
In base 2, what is 10011110 - 110?
10011000
In base 4, what is 0 - 31011?
-31011
In base 6, what is -10 - 100?
-110
In base 9, what is 36 - -23?
60
In base 6, what is -30 - 0?
-30
In base 16, what is -d6 - 23?
-f9
In base 13, what is -26 + 23?
-3
In base 11, what is -6 + -14?
-1a
In base 2, what is 101 - 10?
11
In base 5, what is 2 + -3104?
-3102
In base 2, what is -100 + 11100010?
11011110
In base 15, what is -6be9 + -5?
-6bee
In base 3, what is 200 + -1222?
-1022
In base 5, what is -40 + -1?
-41
In base 10, what is 332 + 5?
337
In base 5, what is 1 - -214?
220
In base 12, what is -b - 7?
-16
In base 11, what is 2 - -298a?
2991
In base 12, what is 1 - -41?
42
In base 7, what is -52533 + -1?
-52534
In base 14, what is 19 + 18?
33
In base 15, what is 2 - 4d?
-4b
In base 12, what is -14a - -2?
-148
In base 8, what is 132 - 14?
116
In base 10, what is 46 - 3?
43
In base 8, what is -3 - -163?
160
In base 3, what is 2 - 212102?
-212100
In base 7, what is 1 - 22?
-21
In base 7, what is -4 + 63?
56
In base 9, what is 128 + 5?
134
In base 11, what is 4 - 14a?
-146
In base 3, what is 2 - 2202?
-2200
In base 12, what is 7 + 7?
12
In base 12, what is 929 + -5?
924
In base 8, what is 124 + -102?
22
In base 10, what is 49 - 14?
35
In base 12, what is 3 + -1b?
-18
In base 16, what is 5 + 29?
2e
In base 3, what is 1 - 20121?
-20120
In base 14, what is -58 - 6?
-60
In base 13, what is 3 + 151?
154
In base 13, what is -5 - 64?
-69
In base 11, what is 297 + 2?
299
In base 10, what is 24 - 374?
-350
In base 15, what is 8 + dc?
e5
In base 7, what is 6 - 156?
-150
In base 11, what is -5 - 118?
-122
In base 8, what is 3362 + 4?
3366
In base 2, what is -11 - 1100100101010?
-1100100101101
In base 6, what is 5 - 155?
-150
In base 15, what is 3 + -38?
-35
In base 11, what is -670 - -8?
-663
In base 14, what is 34c1 - 0?
34c1
In base 13, what is -3 + -13a2?
-13a5
In base 15, what is 8 + -19?
-11
In bas